{"id":594,"date":"2025-11-11T16:49:54","date_gmt":"2025-11-11T16:49:54","guid":{"rendered":"https:\/\/memento-anima.fr\/?page_id=594"},"modified":"2025-11-12T17:44:13","modified_gmt":"2025-11-12T16:44:13","slug":"lhomme-qui-marche","status":"publish","type":"page","link":"https:\/\/memento-anima.fr\/index.php\/lhomme-qui-marche\/","title":{"rendered":"L&rsquo;Homme qui marche"},"content":{"rendered":"\t\t<div data-elementor-type=\"wp-page\" data-elementor-id=\"594\" class=\"elementor elementor-594\">\n\t\t\t\t<div class=\"elementor-element elementor-element-39568d1 e-flex e-con-boxed e-con e-parent\" data-id=\"39568d1\" data-element_type=\"container\" data-e-type=\"container\">\n\t\t\t\t\t<div class=\"e-con-inner\">\n\t\t\t\t<div class=\"elementor-element elementor-element-9648265 elementor-widget elementor-widget-heading\" data-id=\"9648265\" data-element_type=\"widget\" data-e-type=\"widget\" data-widget_type=\"heading.default\">\n\t\t\t\t\t<h2 class=\"elementor-heading-title elementor-size-default\">L'homme qui marche<\/h2>\t\t\t\t<\/div>\n\t\t\t\t<div class=\"elementor-element elementor-element-a2c9d4b elementor-widget elementor-widget-heading\" data-id=\"a2c9d4b\" data-element_type=\"widget\" data-e-type=\"widget\" data-widget_type=\"heading.default\">\n\t\t\t\t\t<h4 class=\"elementor-heading-title elementor-size-default\">C. Bobin<\/h4>\t\t\t\t<\/div>\n\t\t\t\t\t<\/div>\n\t\t\t\t<\/div>\n\t\t<div class=\"elementor-element elementor-element-93005f3 e-flex e-con-boxed e-con e-parent\" data-id=\"93005f3\" data-element_type=\"container\" data-e-type=\"container\">\n\t\t\t\t\t<div class=\"e-con-inner\">\n\t\t\t\t<div class=\"elementor-element elementor-element-2e741ec elementor-widget elementor-widget-text-editor\" data-id=\"2e741ec\" data-element_type=\"widget\" data-e-type=\"widget\" data-widget_type=\"text-editor.default\">\n\t\t\t\t\t\t\t\t\t<p>Rien de ce qui est humain n&rsquo;est \u00e9tranger \u00e0 cet homme qui marche : la v\u00e9rit\u00e9, la pauvret\u00e9, la mort, la vie, l\u2019amour. Juste trente-trois pages sur J\u00e9sus de Nazareth et sans citer une seule fois son Nom. Un texte puissant, qui s\u2019adresse \u00e0 tous et \u00e0 chacun, croyant ou non. Juste cinquante-cinq minutes. Une mise-en sc\u00e8ne brute et intimiste pour \u00eatre au plus pr\u00e8s des mots, pour favoriser leur \u00e9cho dans le c\u0153ur de chacun.<\/p><p>Jacques Langlet a lu ce livre pour la premi\u00e8re fois alors qu\u2019il \u00e9tait \u00e9tudiant. D\u00e9cisif, aujourd\u2019hui, il est religieux depuis un peu plus de 25 ans. Une chose est s\u00fbre : ce livre y est pour quelque chose. Il souhaite d\u00e9sormais le partager sur sc\u00e8ne avec tous.<\/p>\t\t\t\t\t\t\t\t<\/div>\n\t\t\t\t\t<\/div>\n\t\t\t\t<\/div>\n\t\t<div class=\"elementor-element elementor-element-c2fda43 e-flex e-con-boxed e-con e-parent\" data-id=\"c2fda43\" data-element_type=\"container\" data-e-type=\"container\">\n\t\t\t\t\t<div class=\"e-con-inner\">\n\t\t\t\t<div class=\"elementor-element elementor-element-2a9323c elementor-widget elementor-widget-text-editor\" data-id=\"2a9323c\" data-element_type=\"widget\" data-e-type=\"widget\" data-widget_type=\"text-editor.default\">\n\t\t\t\t\t\t\t\t\t<blockquote><p><em><span style=\"color: #33cccc;\">\u00ab Peu de livres changent une vie. Quand ils la changent, c\u2019est pour toujours.<\/span><\/em><\/p><p><em><span style=\"color: #33cccc;\">Des portes s\u2019ouvrent que l\u2019on ne soup\u00e7onnait pas ; on entre et on ne reviendra plus en arri\u00e8re \u00bb. <\/span><\/em><\/p><p><em><span style=\"color: #33cccc;\">Christian Bobin, La plus que vive<\/span><\/em><\/p><\/blockquote>\t\t\t\t\t\t\t\t<\/div>\n\t\t\t\t\t<\/div>\n\t\t\t\t<\/div>\n\t\t<div class=\"elementor-element elementor-element-ef72661 e-grid e-con-boxed e-con e-parent\" data-id=\"ef72661\" data-element_type=\"container\" data-e-type=\"container\">\n\t\t\t\t\t<div class=\"e-con-inner\">\n\t\t\t\t<div class=\"elementor-element elementor-element-c53716b elementor-widget elementor-widget-text-editor\" data-id=\"c53716b\" data-element_type=\"widget\" data-e-type=\"widget\" data-widget_type=\"text-editor.default\">\n\t\t\t\t\t\t\t\t\t<p>Mise en sc\u00e8ne Amandine du Rivau<\/p><p>Interpr\u00e9tation Jacques Langlet<\/p><p>\u00a0<\/p><p>Festival Off Avignon &#8211; 2025 &#8211; Chapelle de l&rsquo;oratoire<\/p><p>Tourn\u00e9e r\u00e9gion Paca<\/p>\t\t\t\t\t\t\t\t<\/div>\n\t\t\t\t<div class=\"elementor-element elementor-element-7ca1b7a elementor-widget elementor-widget-image\" data-id=\"7ca1b7a\" data-element_type=\"widget\" data-e-type=\"widget\" data-widget_type=\"image.default\">\n\t\t\t\t\t\t\t\t\t\t\t\t\t\t\t<img fetchpriority=\"high\" decoding=\"async\" width=\"214\" height=\"300\" src=\"https:\/\/memento-anima.fr\/wp-content\/uploads\/2025\/11\/OFF-Hqm-Affiche-A2-DEF-214x300.jpg\" class=\"attachment-medium size-medium wp-image-265\" alt=\"\" srcset=\"https:\/\/memento-anima.fr\/wp-content\/uploads\/2025\/11\/OFF-Hqm-Affiche-A2-DEF-214x300.jpg 214w, https:\/\/memento-anima.fr\/wp-content\/uploads\/2025\/11\/OFF-Hqm-Affiche-A2-DEF-729x1024.jpg 729w, https:\/\/memento-anima.fr\/wp-content\/uploads\/2025\/11\/OFF-Hqm-Affiche-A2-DEF-768x1079.jpg 768w, https:\/\/memento-anima.fr\/wp-content\/uploads\/2025\/11\/OFF-Hqm-Affiche-A2-DEF-1093x1536.jpg 1093w, https:\/\/memento-anima.fr\/wp-content\/uploads\/2025\/11\/OFF-Hqm-Affiche-A2-DEF-scaled.jpg 1822w\" sizes=\"(max-width: 214px) 100vw, 214px\" \/>\t\t\t\t\t\t\t\t\t\t\t\t\t\t\t<\/div>\n\t\t\t\t\t<\/div>\n\t\t\t\t<\/div>\n\t\t\t\t<\/div>\n\t\t","protected":false},"excerpt":{"rendered":"<p>L&rsquo;homme qui marche C. Bobin Rien de ce qui est humain n&rsquo;est \u00e9tranger \u00e0 cet homme qui marche : la v\u00e9rit\u00e9, la pauvret\u00e9, la mort, la vie, l\u2019amour. Juste trente-trois pages sur J\u00e9sus de Nazareth et sans citer une seule fois son Nom. Un texte puissant, qui s\u2019adresse \u00e0 tous et \u00e0 chacun, croyant ou [&hellip;]<\/p>\n","protected":false},"author":1,"featured_media":0,"parent":0,"menu_order":0,"comment_status":"closed","ping_status":"closed","template":"","meta":{"footnotes":""},"class_list":["post-594","page","type-page","status-publish","hentry"],"yoast_head":"<!-- This site is optimized with the Yoast SEO plugin v27.3 - https:\/\/yoast.com\/product\/yoast-seo-wordpress\/ -->\n<title>L&#039;Homme qui marche - MEMENTO ANIMA<\/title>\n<meta name=\"robots\" content=\"index, follow, max-snippet:-1, max-image-preview:large, max-video-preview:-1\" \/>\n<link rel=\"canonical\" href=\"https:\/\/memento-anima.fr\/index.php\/lhomme-qui-marche\/\" \/>\n<meta property=\"og:locale\" content=\"fr_FR\" \/>\n<meta property=\"og:type\" content=\"article\" \/>\n<meta property=\"og:title\" content=\"L&#039;Homme qui marche - MEMENTO ANIMA\" \/>\n<meta property=\"og:description\" content=\"L&rsquo;homme qui marche C. Bobin Rien de ce qui est humain n&rsquo;est \u00e9tranger \u00e0 cet homme qui marche : la v\u00e9rit\u00e9, la pauvret\u00e9, la mort, la vie, l\u2019amour. Juste trente-trois pages sur J\u00e9sus de Nazareth et sans citer une seule fois son Nom. Un texte puissant, qui s\u2019adresse \u00e0 tous et \u00e0 chacun, croyant ou [&hellip;]\" \/>\n<meta property=\"og:url\" content=\"https:\/\/memento-anima.fr\/index.php\/lhomme-qui-marche\/\" \/>\n<meta property=\"og:site_name\" content=\"MEMENTO ANIMA\" \/>\n<meta property=\"article:modified_time\" content=\"2025-11-12T16:44:13+00:00\" \/>\n<meta property=\"og:image\" content=\"https:\/\/memento-anima.fr\/wp-content\/uploads\/2025\/11\/OFF-Hqm-Affiche-A2-DEF-214x300.jpg\" \/>\n<meta name=\"twitter:card\" content=\"summary_large_image\" \/>\n<meta name=\"twitter:label1\" content=\"Dur\u00e9e de lecture estim\u00e9e\" \/>\n\t<meta name=\"twitter:data1\" content=\"1 minute\" \/>\n<script type=\"application\/ld+json\" class=\"yoast-schema-graph\">{\"@context\":\"https:\\\/\\\/schema.org\",\"@graph\":[{\"@type\":\"WebPage\",\"@id\":\"https:\\\/\\\/memento-anima.fr\\\/index.php\\\/lhomme-qui-marche\\\/\",\"url\":\"https:\\\/\\\/memento-anima.fr\\\/index.php\\\/lhomme-qui-marche\\\/\",\"name\":\"L'Homme qui marche - MEMENTO ANIMA\",\"isPartOf\":{\"@id\":\"https:\\\/\\\/memento-anima.fr\\\/#website\"},\"primaryImageOfPage\":{\"@id\":\"https:\\\/\\\/memento-anima.fr\\\/index.php\\\/lhomme-qui-marche\\\/#primaryimage\"},\"image\":{\"@id\":\"https:\\\/\\\/memento-anima.fr\\\/index.php\\\/lhomme-qui-marche\\\/#primaryimage\"},\"thumbnailUrl\":\"http:\\\/\\\/memento-anima.fr\\\/wp-content\\\/uploads\\\/2025\\\/11\\\/OFF-Hqm-Affiche-A2-DEF-214x300.jpg\",\"datePublished\":\"2025-11-11T16:49:54+00:00\",\"dateModified\":\"2025-11-12T16:44:13+00:00\",\"breadcrumb\":{\"@id\":\"https:\\\/\\\/memento-anima.fr\\\/index.php\\\/lhomme-qui-marche\\\/#breadcrumb\"},\"inLanguage\":\"fr-FR\",\"potentialAction\":[{\"@type\":\"ReadAction\",\"target\":[\"https:\\\/\\\/memento-anima.fr\\\/index.php\\\/lhomme-qui-marche\\\/\"]}]},{\"@type\":\"ImageObject\",\"inLanguage\":\"fr-FR\",\"@id\":\"https:\\\/\\\/memento-anima.fr\\\/index.php\\\/lhomme-qui-marche\\\/#primaryimage\",\"url\":\"http:\\\/\\\/memento-anima.fr\\\/wp-content\\\/uploads\\\/2025\\\/11\\\/OFF-Hqm-Affiche-A2-DEF-214x300.jpg\",\"contentUrl\":\"http:\\\/\\\/memento-anima.fr\\\/wp-content\\\/uploads\\\/2025\\\/11\\\/OFF-Hqm-Affiche-A2-DEF-214x300.jpg\"},{\"@type\":\"BreadcrumbList\",\"@id\":\"https:\\\/\\\/memento-anima.fr\\\/index.php\\\/lhomme-qui-marche\\\/#breadcrumb\",\"itemListElement\":[{\"@type\":\"ListItem\",\"position\":1,\"name\":\"Accueil\",\"item\":\"https:\\\/\\\/memento-anima.fr\\\/\"},{\"@type\":\"ListItem\",\"position\":2,\"name\":\"L&rsquo;Homme qui marche\"}]},{\"@type\":\"WebSite\",\"@id\":\"https:\\\/\\\/memento-anima.fr\\\/#website\",\"url\":\"https:\\\/\\\/memento-anima.fr\\\/\",\"name\":\"MEMENTO ANIMA\",\"description\":\"\",\"potentialAction\":[{\"@type\":\"SearchAction\",\"target\":{\"@type\":\"EntryPoint\",\"urlTemplate\":\"https:\\\/\\\/memento-anima.fr\\\/?s={search_term_string}\"},\"query-input\":{\"@type\":\"PropertyValueSpecification\",\"valueRequired\":true,\"valueName\":\"search_term_string\"}}],\"inLanguage\":\"fr-FR\"}]}<\/script>\n<!-- \/ Yoast SEO plugin. -->","yoast_head_json":{"title":"L'Homme qui marche - MEMENTO ANIMA","robots":{"index":"index","follow":"follow","max-snippet":"max-snippet:-1","max-image-preview":"max-image-preview:large","max-video-preview":"max-video-preview:-1"},"canonical":"https:\/\/memento-anima.fr\/index.php\/lhomme-qui-marche\/","og_locale":"fr_FR","og_type":"article","og_title":"L'Homme qui marche - MEMENTO ANIMA","og_description":"L&rsquo;homme qui marche C. Bobin Rien de ce qui est humain n&rsquo;est \u00e9tranger \u00e0 cet homme qui marche : la v\u00e9rit\u00e9, la pauvret\u00e9, la mort, la vie, l\u2019amour. Juste trente-trois pages sur J\u00e9sus de Nazareth et sans citer une seule fois son Nom. Un texte puissant, qui s\u2019adresse \u00e0 tous et \u00e0 chacun, croyant ou [&hellip;]","og_url":"https:\/\/memento-anima.fr\/index.php\/lhomme-qui-marche\/","og_site_name":"MEMENTO ANIMA","article_modified_time":"2025-11-12T16:44:13+00:00","og_image":[{"url":"https:\/\/memento-anima.fr\/wp-content\/uploads\/2025\/11\/OFF-Hqm-Affiche-A2-DEF-214x300.jpg","type":"","width":"","height":""}],"twitter_card":"summary_large_image","twitter_misc":{"Dur\u00e9e de lecture estim\u00e9e":"1 minute"},"schema":{"@context":"https:\/\/schema.org","@graph":[{"@type":"WebPage","@id":"https:\/\/memento-anima.fr\/index.php\/lhomme-qui-marche\/","url":"https:\/\/memento-anima.fr\/index.php\/lhomme-qui-marche\/","name":"L'Homme qui marche - MEMENTO ANIMA","isPartOf":{"@id":"https:\/\/memento-anima.fr\/#website"},"primaryImageOfPage":{"@id":"https:\/\/memento-anima.fr\/index.php\/lhomme-qui-marche\/#primaryimage"},"image":{"@id":"https:\/\/memento-anima.fr\/index.php\/lhomme-qui-marche\/#primaryimage"},"thumbnailUrl":"https:\/\/memento-anima.fr\/wp-content\/uploads\/2025\/11\/OFF-Hqm-Affiche-A2-DEF-214x300.jpg","datePublished":"2025-11-11T16:49:54+00:00","dateModified":"2025-11-12T16:44:13+00:00","breadcrumb":{"@id":"https:\/\/memento-anima.fr\/index.php\/lhomme-qui-marche\/#breadcrumb"},"inLanguage":"fr-FR","potentialAction":[{"@type":"ReadAction","target":["https:\/\/memento-anima.fr\/index.php\/lhomme-qui-marche\/"]}]},{"@type":"ImageObject","inLanguage":"fr-FR","@id":"https:\/\/memento-anima.fr\/index.php\/lhomme-qui-marche\/#primaryimage","url":"https:\/\/memento-anima.fr\/wp-content\/uploads\/2025\/11\/OFF-Hqm-Affiche-A2-DEF-214x300.jpg","contentUrl":"https:\/\/memento-anima.fr\/wp-content\/uploads\/2025\/11\/OFF-Hqm-Affiche-A2-DEF-214x300.jpg"},{"@type":"BreadcrumbList","@id":"https:\/\/memento-anima.fr\/index.php\/lhomme-qui-marche\/#breadcrumb","itemListElement":[{"@type":"ListItem","position":1,"name":"Accueil","item":"https:\/\/memento-anima.fr\/"},{"@type":"ListItem","position":2,"name":"L&rsquo;Homme qui marche"}]},{"@type":"WebSite","@id":"https:\/\/memento-anima.fr\/#website","url":"https:\/\/memento-anima.fr\/","name":"MEMENTO ANIMA","description":"","potentialAction":[{"@type":"SearchAction","target":{"@type":"EntryPoint","urlTemplate":"https:\/\/memento-anima.fr\/?s={search_term_string}"},"query-input":{"@type":"PropertyValueSpecification","valueRequired":true,"valueName":"search_term_string"}}],"inLanguage":"fr-FR"}]}},"_links":{"self":[{"href":"https:\/\/memento-anima.fr\/index.php\/wp-json\/wp\/v2\/pages\/594","targetHints":{"allow":["GET"]}}],"collection":[{"href":"https:\/\/memento-anima.fr\/index.php\/wp-json\/wp\/v2\/pages"}],"about":[{"href":"https:\/\/memento-anima.fr\/index.php\/wp-json\/wp\/v2\/types\/page"}],"author":[{"embeddable":true,"href":"https:\/\/memento-anima.fr\/index.php\/wp-json\/wp\/v2\/users\/1"}],"replies":[{"embeddable":true,"href":"https:\/\/memento-anima.fr\/index.php\/wp-json\/wp\/v2\/comments?post=594"}],"version-history":[{"count":25,"href":"https:\/\/memento-anima.fr\/index.php\/wp-json\/wp\/v2\/pages\/594\/revisions"}],"predecessor-version":[{"id":720,"href":"https:\/\/memento-anima.fr\/index.php\/wp-json\/wp\/v2\/pages\/594\/revisions\/720"}],"wp:attachment":[{"href":"https:\/\/memento-anima.fr\/index.php\/wp-json\/wp\/v2\/media?parent=594"}],"curies":[{"name":"wp","href":"https:\/\/api.w.org\/{rel}","templated":true}]}}