{"id":557,"date":"2025-11-11T15:51:00","date_gmt":"2025-11-11T15:51:00","guid":{"rendered":"https:\/\/memento-anima.fr\/?page_id=557"},"modified":"2026-01-02T15:14:13","modified_gmt":"2026-01-02T14:14:13","slug":"cold-cuts","status":"publish","type":"page","link":"https:\/\/memento-anima.fr\/index.php\/cold-cuts\/","title":{"rendered":"Cold Cuts"},"content":{"rendered":"\t\t<div data-elementor-type=\"wp-page\" data-elementor-id=\"557\" class=\"elementor elementor-557\">\n\t\t\t\t<div class=\"elementor-element elementor-element-43748f4 e-flex e-con-boxed e-con e-parent\" data-id=\"43748f4\" data-element_type=\"container\" data-e-type=\"container\">\n\t\t\t\t\t<div class=\"e-con-inner\">\n\t\t\t\t<div class=\"elementor-element elementor-element-19528ab elementor-widget elementor-widget-heading\" data-id=\"19528ab\" data-element_type=\"widget\" data-e-type=\"widget\" data-widget_type=\"heading.default\">\n\t\t\t\t\t<h2 class=\"elementor-heading-title elementor-size-default\">Cold Cuts de Linda McLean<\/h2>\t\t\t\t<\/div>\n\t\t\t\t<div class=\"elementor-element elementor-element-65c2854 elementor-widget elementor-widget-heading\" data-id=\"65c2854\" data-element_type=\"widget\" data-e-type=\"widget\" data-widget_type=\"heading.default\">\n\t\t\t\t\t<h5 class=\"elementor-heading-title elementor-size-default\">Cr\u00e9ation fran\u00e7aise<\/h5>\t\t\t\t<\/div>\n\t\t\t\t<div class=\"elementor-element elementor-element-1bccc57 elementor-widget elementor-widget-text-editor\" data-id=\"1bccc57\" data-element_type=\"widget\" data-e-type=\"widget\" data-widget_type=\"text-editor.default\">\n\t\t\t\t\t\t\t\t\t<p>Un couple, Molly et Ian sont dans la cuisine. Molly semble avoir fait quelque chose de r\u00e9pr\u00e9hensible. Est-ce si grave ? Qu\u2019a-t-elle fait?<br \/>Au fil du dialogue apparait l\u2019emprise et la manipulation perverse de Ian, qui cherche \u00e0 culpabiliser et humilier Molly pour mieux la dominer.<br \/>Cette violence psychologique aboutit inexorablement \u00e0 la violence physique. A la fin de cette lente mont\u00e9e en tension, nous apprenons les raisons de cette altercation. Et nous comprenons les v\u00e9ritables enjeux pour Molly.<\/p>\t\t\t\t\t\t\t\t<\/div>\n\t\t\t\t\t<\/div>\n\t\t\t\t<\/div>\n\t\t<div class=\"elementor-element elementor-element-92a52f8 e-flex e-con-boxed e-con e-parent\" data-id=\"92a52f8\" data-element_type=\"container\" data-e-type=\"container\">\n\t\t\t\t\t<div class=\"e-con-inner\">\n\t\t\t\t<div class=\"elementor-element elementor-element-181682f elementor-widget elementor-widget-text-editor\" data-id=\"181682f\" data-element_type=\"widget\" data-e-type=\"widget\" data-widget_type=\"text-editor.default\">\n\t\t\t\t\t\t\t\t\t<blockquote><pre><em>EN \u00c9CRIVANT AUJOURD\u2019HUI,<\/em><br \/><em>J\u2019AI L\u2019IMPRESSION DE RETOURNER <\/em><br \/><em>DANS LE PUITS O\u00d9 CETTE AGRESSION M\u2019A ENFERM\u00c9E,<\/em><br \/><em>DE ME TENDRE LA MAIN ET DE ME TIRER HORS DE L\u2019OBSCURIT\u00c9. <\/em><br \/><em>Judith Chemla, Notre silence nous a laiss\u00e9es seules<\/em><\/pre><\/blockquote>\t\t\t\t\t\t\t\t<\/div>\n\t\t\t\t\t<\/div>\n\t\t\t\t<\/div>\n\t\t<div class=\"elementor-element elementor-element-fa79489 e-flex e-con-boxed e-con e-parent\" data-id=\"fa79489\" data-element_type=\"container\" data-e-type=\"container\">\n\t\t\t\t\t<div class=\"e-con-inner\">\n\t\t\t\t<div class=\"elementor-element elementor-element-61d3a95 elementor-widget elementor-widget-text-editor\" data-id=\"61d3a95\" data-element_type=\"widget\" data-e-type=\"widget\" data-widget_type=\"text-editor.default\">\n\t\t\t\t\t\t\t\t\t<p>Texte fran\u00e7ais Blandine P\u00e9lissier &amp; Sarah Vermande<br \/>\u00c9ditions Le P\u00f4ticha<\/p><p>Avec Amandine du Rivau et R\u00e9gis Lux<\/p><p>Sc\u00e9nographie &#8211; Alix Mercier<br \/>Cr\u00e9ation lumi\u00e8res &#8211; Christian Pinaud (\u00e0 confirmer)<\/p><p>Cie Memento Anima &amp; Cie Voie A<\/p><p>Coproduction<br \/>La Cave Po\u00e9sie &#8211; Toulouse<\/p><p>Soutiens<br \/>Th\u00e9\u00e2tre Joliette &#8211; Marseille<\/p><p>(Production en cours)<\/p><p>Dur\u00e9e : 50min + 30min \u00e9change obligatoire<\/p>\t\t\t\t\t\t\t\t<\/div>\n\t\t\t\t\t<\/div>\n\t\t\t\t<\/div>\n\t\t<div class=\"elementor-element elementor-element-b4077be e-flex e-con-boxed e-con e-parent\" data-id=\"b4077be\" data-element_type=\"container\" data-e-type=\"container\">\n\t\t\t\t\t<div class=\"e-con-inner\">\n\t\t\t\t<div class=\"elementor-element elementor-element-683941f elementor-widget elementor-widget-text-editor\" data-id=\"683941f\" data-element_type=\"widget\" data-e-type=\"widget\" data-widget_type=\"text-editor.default\">\n\t\t\t\t\t\t\t\t\t<p style=\"text-align: left;\">T\u00e9l\u00e9charger <span style=\"color: #333333;\"><a style=\"color: #333333;\" href=\"https:\/\/memento-anima.fr\/wp-content\/uploads\/2025\/11\/Cold-cuts-dossier4.pdf\" target=\"_blank\" rel=\"noopener\"><span style=\"color: #008000;\"><span style=\"text-decoration: underline;\">Dossier-Cold-cuts<\/span><\/span><\/a><\/span><\/p>\t\t\t\t\t\t\t\t<\/div>\n\t\t\t\t\t<\/div>\n\t\t\t\t<\/div>\n\t\t<div class=\"elementor-element elementor-element-8681a61 e-grid e-con-boxed e-con e-parent\" data-id=\"8681a61\" data-element_type=\"container\" data-e-type=\"container\">\n\t\t\t\t\t<div class=\"e-con-inner\">\n\t\t\t\t<div class=\"elementor-element elementor-element-2afae22 elementor-widget elementor-widget-image\" data-id=\"2afae22\" data-element_type=\"widget\" data-e-type=\"widget\" data-widget_type=\"image.default\">\n\t\t\t\t\t\t\t\t\t\t\t\t\t\t\t<img fetchpriority=\"high\" decoding=\"async\" width=\"300\" height=\"225\" src=\"https:\/\/memento-anima.fr\/wp-content\/uploads\/2025\/11\/Lux_Regis\u00a9F.PasseriniTabula-Rasa-300x225.jpg\" class=\"attachment-medium size-medium wp-image-691\" alt=\"\" srcset=\"https:\/\/memento-anima.fr\/wp-content\/uploads\/2025\/11\/Lux_Regis\u00a9F.PasseriniTabula-Rasa-300x225.jpg 300w, https:\/\/memento-anima.fr\/wp-content\/uploads\/2025\/11\/Lux_Regis\u00a9F.PasseriniTabula-Rasa-768x576.jpg 768w, https:\/\/memento-anima.fr\/wp-content\/uploads\/2025\/11\/Lux_Regis\u00a9F.PasseriniTabula-Rasa.jpg 800w\" sizes=\"(max-width: 300px) 100vw, 300px\" \/>\t\t\t\t\t\t\t\t\t\t\t\t\t\t\t<\/div>\n\t\t\t\t<div class=\"elementor-element elementor-element-edc39ad elementor-widget elementor-widget-image\" data-id=\"edc39ad\" data-element_type=\"widget\" data-e-type=\"widget\" data-widget_type=\"image.default\">\n\t\t\t\t\t\t\t\t\t\t\t\t\t\t\t<img decoding=\"async\" width=\"300\" height=\"200\" src=\"https:\/\/memento-anima.fr\/wp-content\/uploads\/2025\/11\/A.duRivau\u00a9O.Allard-300x200.jpg\" class=\"attachment-medium size-medium wp-image-440\" alt=\"\" srcset=\"https:\/\/memento-anima.fr\/wp-content\/uploads\/2025\/11\/A.duRivau\u00a9O.Allard-300x200.jpg 300w, https:\/\/memento-anima.fr\/wp-content\/uploads\/2025\/11\/A.duRivau\u00a9O.Allard.jpg 650w\" sizes=\"(max-width: 300px) 100vw, 300px\" \/>\t\t\t\t\t\t\t\t\t\t\t\t\t\t\t<\/div>\n\t\t\t\t\t<\/div>\n\t\t\t\t<\/div>\n\t\t<div class=\"elementor-element elementor-element-4824118 e-flex e-con-boxed e-con e-parent\" data-id=\"4824118\" data-element_type=\"container\" data-e-type=\"container\">\n\t\t\t\t\t<div class=\"e-con-inner\">\n\t\t\t\t<div class=\"elementor-element elementor-element-d1a28ab elementor-widget elementor-widget-text-editor\" data-id=\"d1a28ab\" data-element_type=\"widget\" data-e-type=\"widget\" data-widget_type=\"text-editor.default\">\n\t\t\t\t\t\t\t\t\t<p><span style=\"color: #008000;\"><a style=\"color: #008000;\" href=\"https:\/\/memento-anima.fr\/index.php\/cold-cuts-vignette-video\/\">Vignette vid\u00e9o<\/a><\/span><\/p>\t\t\t\t\t\t\t\t<\/div>\n\t\t\t\t\t<\/div>\n\t\t\t\t<\/div>\n\t\t\t\t<\/div>\n\t\t","protected":false},"excerpt":{"rendered":"<p>Cold Cuts de Linda McLean Cr\u00e9ation fran\u00e7aise Un couple, Molly et Ian sont dans la cuisine. Molly semble avoir fait quelque chose de r\u00e9pr\u00e9hensible. Est-ce si grave ? Qu\u2019a-t-elle fait?Au fil du dialogue apparait l\u2019emprise et la manipulation perverse de Ian, qui cherche \u00e0 culpabiliser et humilier Molly pour mieux la dominer.Cette violence psychologique aboutit [&hellip;]<\/p>\n","protected":false},"author":1,"featured_media":0,"parent":0,"menu_order":0,"comment_status":"closed","ping_status":"closed","template":"","meta":{"footnotes":""},"class_list":["post-557","page","type-page","status-publish","hentry"],"yoast_head":"<!-- This site is optimized with the Yoast SEO plugin v27.3 - https:\/\/yoast.com\/product\/yoast-seo-wordpress\/ -->\n<title>Cold Cuts - MEMENTO ANIMA<\/title>\n<meta name=\"robots\" content=\"index, follow, max-snippet:-1, max-image-preview:large, max-video-preview:-1\" \/>\n<link rel=\"canonical\" href=\"https:\/\/memento-anima.fr\/index.php\/cold-cuts\/\" \/>\n<meta property=\"og:locale\" content=\"fr_FR\" \/>\n<meta property=\"og:type\" content=\"article\" \/>\n<meta property=\"og:title\" content=\"Cold Cuts - MEMENTO ANIMA\" \/>\n<meta property=\"og:description\" content=\"Cold Cuts de Linda McLean Cr\u00e9ation fran\u00e7aise Un couple, Molly et Ian sont dans la cuisine. Molly semble avoir fait quelque chose de r\u00e9pr\u00e9hensible. Est-ce si grave ? Qu\u2019a-t-elle fait?Au fil du dialogue apparait l\u2019emprise et la manipulation perverse de Ian, qui cherche \u00e0 culpabiliser et humilier Molly pour mieux la dominer.Cette violence psychologique aboutit [&hellip;]\" \/>\n<meta property=\"og:url\" content=\"https:\/\/memento-anima.fr\/index.php\/cold-cuts\/\" \/>\n<meta property=\"og:site_name\" content=\"MEMENTO ANIMA\" \/>\n<meta property=\"article:modified_time\" content=\"2026-01-02T14:14:13+00:00\" \/>\n<meta name=\"twitter:card\" content=\"summary_large_image\" \/>\n<meta name=\"twitter:label1\" content=\"Dur\u00e9e de lecture estim\u00e9e\" \/>\n\t<meta name=\"twitter:data1\" content=\"1 minute\" \/>\n<script type=\"application\/ld+json\" class=\"yoast-schema-graph\">{\"@context\":\"https:\\\/\\\/schema.org\",\"@graph\":[{\"@type\":\"WebPage\",\"@id\":\"https:\\\/\\\/memento-anima.fr\\\/index.php\\\/cold-cuts\\\/\",\"url\":\"https:\\\/\\\/memento-anima.fr\\\/index.php\\\/cold-cuts\\\/\",\"name\":\"Cold Cuts - MEMENTO ANIMA\",\"isPartOf\":{\"@id\":\"https:\\\/\\\/memento-anima.fr\\\/#website\"},\"datePublished\":\"2025-11-11T15:51:00+00:00\",\"dateModified\":\"2026-01-02T14:14:13+00:00\",\"breadcrumb\":{\"@id\":\"https:\\\/\\\/memento-anima.fr\\\/index.php\\\/cold-cuts\\\/#breadcrumb\"},\"inLanguage\":\"fr-FR\",\"potentialAction\":[{\"@type\":\"ReadAction\",\"target\":[\"https:\\\/\\\/memento-anima.fr\\\/index.php\\\/cold-cuts\\\/\"]}]},{\"@type\":\"BreadcrumbList\",\"@id\":\"https:\\\/\\\/memento-anima.fr\\\/index.php\\\/cold-cuts\\\/#breadcrumb\",\"itemListElement\":[{\"@type\":\"ListItem\",\"position\":1,\"name\":\"Accueil\",\"item\":\"https:\\\/\\\/memento-anima.fr\\\/\"},{\"@type\":\"ListItem\",\"position\":2,\"name\":\"Cold Cuts\"}]},{\"@type\":\"WebSite\",\"@id\":\"https:\\\/\\\/memento-anima.fr\\\/#website\",\"url\":\"https:\\\/\\\/memento-anima.fr\\\/\",\"name\":\"MEMENTO ANIMA\",\"description\":\"\",\"potentialAction\":[{\"@type\":\"SearchAction\",\"target\":{\"@type\":\"EntryPoint\",\"urlTemplate\":\"https:\\\/\\\/memento-anima.fr\\\/?s={search_term_string}\"},\"query-input\":{\"@type\":\"PropertyValueSpecification\",\"valueRequired\":true,\"valueName\":\"search_term_string\"}}],\"inLanguage\":\"fr-FR\"}]}<\/script>\n<!-- \/ Yoast SEO plugin. -->","yoast_head_json":{"title":"Cold Cuts - MEMENTO ANIMA","robots":{"index":"index","follow":"follow","max-snippet":"max-snippet:-1","max-image-preview":"max-image-preview:large","max-video-preview":"max-video-preview:-1"},"canonical":"https:\/\/memento-anima.fr\/index.php\/cold-cuts\/","og_locale":"fr_FR","og_type":"article","og_title":"Cold Cuts - MEMENTO ANIMA","og_description":"Cold Cuts de Linda McLean Cr\u00e9ation fran\u00e7aise Un couple, Molly et Ian sont dans la cuisine. Molly semble avoir fait quelque chose de r\u00e9pr\u00e9hensible. Est-ce si grave ? Qu\u2019a-t-elle fait?Au fil du dialogue apparait l\u2019emprise et la manipulation perverse de Ian, qui cherche \u00e0 culpabiliser et humilier Molly pour mieux la dominer.Cette violence psychologique aboutit [&hellip;]","og_url":"https:\/\/memento-anima.fr\/index.php\/cold-cuts\/","og_site_name":"MEMENTO ANIMA","article_modified_time":"2026-01-02T14:14:13+00:00","twitter_card":"summary_large_image","twitter_misc":{"Dur\u00e9e de lecture estim\u00e9e":"1 minute"},"schema":{"@context":"https:\/\/schema.org","@graph":[{"@type":"WebPage","@id":"https:\/\/memento-anima.fr\/index.php\/cold-cuts\/","url":"https:\/\/memento-anima.fr\/index.php\/cold-cuts\/","name":"Cold Cuts - MEMENTO ANIMA","isPartOf":{"@id":"https:\/\/memento-anima.fr\/#website"},"datePublished":"2025-11-11T15:51:00+00:00","dateModified":"2026-01-02T14:14:13+00:00","breadcrumb":{"@id":"https:\/\/memento-anima.fr\/index.php\/cold-cuts\/#breadcrumb"},"inLanguage":"fr-FR","potentialAction":[{"@type":"ReadAction","target":["https:\/\/memento-anima.fr\/index.php\/cold-cuts\/"]}]},{"@type":"BreadcrumbList","@id":"https:\/\/memento-anima.fr\/index.php\/cold-cuts\/#breadcrumb","itemListElement":[{"@type":"ListItem","position":1,"name":"Accueil","item":"https:\/\/memento-anima.fr\/"},{"@type":"ListItem","position":2,"name":"Cold Cuts"}]},{"@type":"WebSite","@id":"https:\/\/memento-anima.fr\/#website","url":"https:\/\/memento-anima.fr\/","name":"MEMENTO ANIMA","description":"","potentialAction":[{"@type":"SearchAction","target":{"@type":"EntryPoint","urlTemplate":"https:\/\/memento-anima.fr\/?s={search_term_string}"},"query-input":{"@type":"PropertyValueSpecification","valueRequired":true,"valueName":"search_term_string"}}],"inLanguage":"fr-FR"}]}},"_links":{"self":[{"href":"https:\/\/memento-anima.fr\/index.php\/wp-json\/wp\/v2\/pages\/557","targetHints":{"allow":["GET"]}}],"collection":[{"href":"https:\/\/memento-anima.fr\/index.php\/wp-json\/wp\/v2\/pages"}],"about":[{"href":"https:\/\/memento-anima.fr\/index.php\/wp-json\/wp\/v2\/types\/page"}],"author":[{"embeddable":true,"href":"https:\/\/memento-anima.fr\/index.php\/wp-json\/wp\/v2\/users\/1"}],"replies":[{"embeddable":true,"href":"https:\/\/memento-anima.fr\/index.php\/wp-json\/wp\/v2\/comments?post=557"}],"version-history":[{"count":52,"href":"https:\/\/memento-anima.fr\/index.php\/wp-json\/wp\/v2\/pages\/557\/revisions"}],"predecessor-version":[{"id":838,"href":"https:\/\/memento-anima.fr\/index.php\/wp-json\/wp\/v2\/pages\/557\/revisions\/838"}],"wp:attachment":[{"href":"https:\/\/memento-anima.fr\/index.php\/wp-json\/wp\/v2\/media?parent=557"}],"curies":[{"name":"wp","href":"https:\/\/api.w.org\/{rel}","templated":true}]}}