{"id":310,"date":"2025-11-09T21:21:18","date_gmt":"2025-11-09T21:21:18","guid":{"rendered":"https:\/\/memento-anima.fr\/?page_id=310"},"modified":"2025-11-12T18:00:43","modified_gmt":"2025-11-12T17:00:43","slug":"cie-memento-anima","status":"publish","type":"page","link":"https:\/\/memento-anima.fr\/index.php\/cie-memento-anima\/","title":{"rendered":"Cie Memento Anima"},"content":{"rendered":"\t\t<div data-elementor-type=\"wp-page\" data-elementor-id=\"310\" class=\"elementor elementor-310\">\n\t\t\t\t<div class=\"elementor-element elementor-element-174c5933 e-flex e-con-boxed e-con e-parent\" data-id=\"174c5933\" data-element_type=\"container\" data-e-type=\"container\">\n\t\t\t\t\t<div class=\"e-con-inner\">\n\t\t\t\t<div class=\"elementor-element elementor-element-7507fb7d elementor-widget elementor-widget-text-editor\" data-id=\"7507fb7d\" data-element_type=\"widget\" data-e-type=\"widget\" data-widget_type=\"text-editor.default\">\n\t\t\t\t\t\t\t\t\t<p>Cultivons notre imaginaire. Transformons nos regards. Mettons des mots et des images sur l\u2019indicible.<\/p><p>Rentrons en contact avec ce qu\u2019il y a de plus profond, donc de plus humain en nous. L\u00e0 o\u00f9 nous pouvons nous comprendre, l\u00e0 o\u00f9 tout est possible.<\/p><p>Notre monde int\u00e9rieur est tellement vital et puissant. R\u00e9sistons en le cultivant ensemble.<\/p>\t\t\t\t\t\t\t\t<\/div>\n\t\t\t\t\t<\/div>\n\t\t\t\t<\/div>\n\t\t<div class=\"elementor-element elementor-element-e0c1f4c e-flex e-con-boxed e-con e-parent\" data-id=\"e0c1f4c\" data-element_type=\"container\" data-e-type=\"container\">\n\t\t\t\t\t<div class=\"e-con-inner\">\n\t\t\t\t<div class=\"elementor-element elementor-element-7d856cd elementor-widget elementor-widget-heading\" data-id=\"7d856cd\" data-element_type=\"widget\" data-e-type=\"widget\" data-widget_type=\"heading.default\">\n\t\t\t\t\t<h4 class=\"elementor-heading-title elementor-size-default\">L'\u00e2me est l'autre en moi<\/h4>\t\t\t\t<\/div>\n\t\t\t\t\t<\/div>\n\t\t\t\t<\/div>\n\t\t<div class=\"elementor-element elementor-element-f8b848f e-flex e-con-boxed e-con e-parent\" data-id=\"f8b848f\" data-element_type=\"container\" data-e-type=\"container\">\n\t\t\t\t\t<div class=\"e-con-inner\">\n\t\t\t\t<div class=\"elementor-element elementor-element-9e8ecc3 elementor-widget elementor-widget-text-editor\" data-id=\"9e8ecc3\" data-element_type=\"widget\" data-e-type=\"widget\" data-widget_type=\"text-editor.default\">\n\t\t\t\t\t\t\t\t\t<p>La Cie MEMENTO ANIMA est une compagnie de th\u00e9\u00e2tre cr\u00e9\u00e9e en 2022 par la com\u00e9dienne et metteur en sc\u00e8ne Amandine du Rivau, riche de 20 ans d\u2019exp\u00e9rience artistique et professionnelle.<\/p><p>Elle est implant\u00e9e \u00e0 Marseille et se d\u00e9veloppe autour de 2 p\u00f4les:<\/p><p>&#8211; La recherche et la cr\u00e9ation th\u00e9\u00e2trale<\/p><p>&#8211; Les actions artistiques et culturelles, en particulier vers les publics les plus vuln\u00e9rables et les plus \u00e9loign\u00e9s des salles de spectacle.<\/p>\t\t\t\t\t\t\t\t<\/div>\n\t\t\t\t\t<\/div>\n\t\t\t\t<\/div>\n\t\t<div class=\"elementor-element elementor-element-3771f40 e-flex e-con-boxed e-con e-parent\" data-id=\"3771f40\" data-element_type=\"container\" data-e-type=\"container\">\n\t\t\t\t\t<div class=\"e-con-inner\">\n\t\t\t\t<div class=\"elementor-element elementor-element-22e952f elementor-widget elementor-widget-spacer\" data-id=\"22e952f\" data-element_type=\"widget\" data-e-type=\"widget\" data-widget_type=\"spacer.default\">\n\t\t\t\t\t\t\t<div class=\"elementor-spacer\">\n\t\t\t<div class=\"elementor-spacer-inner\"><\/div>\n\t\t<\/div>\n\t\t\t\t\t\t<\/div>\n\t\t\t\t\t<\/div>\n\t\t\t\t<\/div>\n\t\t<div class=\"elementor-element elementor-element-9db5a25 e-flex e-con-boxed e-con e-parent\" data-id=\"9db5a25\" data-element_type=\"container\" data-e-type=\"container\">\n\t\t\t\t\t<div class=\"e-con-inner\">\n\t\t\t\t<div class=\"elementor-element elementor-element-c3453b5 elementor-align-center elementor-widget elementor-widget-button\" data-id=\"c3453b5\" data-element_type=\"widget\" data-e-type=\"widget\" data-widget_type=\"button.default\">\n\t\t\t\t\t\t\t\t\t\t<a class=\"elementor-button elementor-button-link elementor-size-sm\" href=\"https:\/\/memento-anima.fr\/index.php\/bio-am\/\">\n\t\t\t\t\t\t<span class=\"elementor-button-content-wrapper\">\n\t\t\t\t\t\t\t\t\t<span class=\"elementor-button-text\">Bio Amandine du Rivau<\/span>\n\t\t\t\t\t<\/span>\n\t\t\t\t\t<\/a>\n\t\t\t\t\t\t\t\t<\/div>\n\t\t\t\t\t<\/div>\n\t\t\t\t<\/div>\n\t\t\t\t<\/div>\n\t\t","protected":false},"excerpt":{"rendered":"<p>Cultivons notre imaginaire. Transformons nos regards. Mettons des mots et des images sur l\u2019indicible. Rentrons en contact avec ce qu\u2019il y a de plus profond, donc de plus humain en nous. L\u00e0 o\u00f9 nous pouvons nous comprendre, l\u00e0 o\u00f9 tout est possible. Notre monde int\u00e9rieur est tellement vital et puissant. R\u00e9sistons en le cultivant ensemble. [&hellip;]<\/p>\n","protected":false},"author":1,"featured_media":0,"parent":0,"menu_order":0,"comment_status":"closed","ping_status":"closed","template":"elementor_theme","meta":{"footnotes":""},"class_list":["post-310","page","type-page","status-publish","hentry"],"yoast_head":"<!-- This site is optimized with the Yoast SEO plugin v27.3 - https:\/\/yoast.com\/product\/yoast-seo-wordpress\/ -->\n<title>Cie Memento Anima - MEMENTO ANIMA<\/title>\n<meta name=\"robots\" content=\"index, follow, max-snippet:-1, max-image-preview:large, max-video-preview:-1\" \/>\n<link rel=\"canonical\" href=\"https:\/\/memento-anima.fr\/index.php\/cie-memento-anima\/\" \/>\n<meta property=\"og:locale\" content=\"fr_FR\" \/>\n<meta property=\"og:type\" content=\"article\" \/>\n<meta property=\"og:title\" content=\"Cie Memento Anima - MEMENTO ANIMA\" \/>\n<meta property=\"og:description\" content=\"Cultivons notre imaginaire. Transformons nos regards. Mettons des mots et des images sur l\u2019indicible. Rentrons en contact avec ce qu\u2019il y a de plus profond, donc de plus humain en nous. L\u00e0 o\u00f9 nous pouvons nous comprendre, l\u00e0 o\u00f9 tout est possible. Notre monde int\u00e9rieur est tellement vital et puissant. R\u00e9sistons en le cultivant ensemble. [&hellip;]\" \/>\n<meta property=\"og:url\" content=\"https:\/\/memento-anima.fr\/index.php\/cie-memento-anima\/\" \/>\n<meta property=\"og:site_name\" content=\"MEMENTO ANIMA\" \/>\n<meta property=\"article:modified_time\" content=\"2025-11-12T17:00:43+00:00\" \/>\n<meta name=\"twitter:card\" content=\"summary_large_image\" \/>\n<meta name=\"twitter:label1\" content=\"Dur\u00e9e de lecture estim\u00e9e\" \/>\n\t<meta name=\"twitter:data1\" content=\"1 minute\" \/>\n<script type=\"application\/ld+json\" class=\"yoast-schema-graph\">{\"@context\":\"https:\\\/\\\/schema.org\",\"@graph\":[{\"@type\":\"WebPage\",\"@id\":\"https:\\\/\\\/memento-anima.fr\\\/index.php\\\/cie-memento-anima\\\/\",\"url\":\"https:\\\/\\\/memento-anima.fr\\\/index.php\\\/cie-memento-anima\\\/\",\"name\":\"Cie Memento Anima - MEMENTO ANIMA\",\"isPartOf\":{\"@id\":\"https:\\\/\\\/memento-anima.fr\\\/#website\"},\"datePublished\":\"2025-11-09T21:21:18+00:00\",\"dateModified\":\"2025-11-12T17:00:43+00:00\",\"breadcrumb\":{\"@id\":\"https:\\\/\\\/memento-anima.fr\\\/index.php\\\/cie-memento-anima\\\/#breadcrumb\"},\"inLanguage\":\"fr-FR\",\"potentialAction\":[{\"@type\":\"ReadAction\",\"target\":[\"https:\\\/\\\/memento-anima.fr\\\/index.php\\\/cie-memento-anima\\\/\"]}]},{\"@type\":\"BreadcrumbList\",\"@id\":\"https:\\\/\\\/memento-anima.fr\\\/index.php\\\/cie-memento-anima\\\/#breadcrumb\",\"itemListElement\":[{\"@type\":\"ListItem\",\"position\":1,\"name\":\"Accueil\",\"item\":\"https:\\\/\\\/memento-anima.fr\\\/\"},{\"@type\":\"ListItem\",\"position\":2,\"name\":\"Cie Memento Anima\"}]},{\"@type\":\"WebSite\",\"@id\":\"https:\\\/\\\/memento-anima.fr\\\/#website\",\"url\":\"https:\\\/\\\/memento-anima.fr\\\/\",\"name\":\"MEMENTO ANIMA\",\"description\":\"\",\"potentialAction\":[{\"@type\":\"SearchAction\",\"target\":{\"@type\":\"EntryPoint\",\"urlTemplate\":\"https:\\\/\\\/memento-anima.fr\\\/?s={search_term_string}\"},\"query-input\":{\"@type\":\"PropertyValueSpecification\",\"valueRequired\":true,\"valueName\":\"search_term_string\"}}],\"inLanguage\":\"fr-FR\"}]}<\/script>\n<!-- \/ Yoast SEO plugin. -->","yoast_head_json":{"title":"Cie Memento Anima - MEMENTO ANIMA","robots":{"index":"index","follow":"follow","max-snippet":"max-snippet:-1","max-image-preview":"max-image-preview:large","max-video-preview":"max-video-preview:-1"},"canonical":"https:\/\/memento-anima.fr\/index.php\/cie-memento-anima\/","og_locale":"fr_FR","og_type":"article","og_title":"Cie Memento Anima - MEMENTO ANIMA","og_description":"Cultivons notre imaginaire. Transformons nos regards. Mettons des mots et des images sur l\u2019indicible. Rentrons en contact avec ce qu\u2019il y a de plus profond, donc de plus humain en nous. L\u00e0 o\u00f9 nous pouvons nous comprendre, l\u00e0 o\u00f9 tout est possible. Notre monde int\u00e9rieur est tellement vital et puissant. R\u00e9sistons en le cultivant ensemble. [&hellip;]","og_url":"https:\/\/memento-anima.fr\/index.php\/cie-memento-anima\/","og_site_name":"MEMENTO ANIMA","article_modified_time":"2025-11-12T17:00:43+00:00","twitter_card":"summary_large_image","twitter_misc":{"Dur\u00e9e de lecture estim\u00e9e":"1 minute"},"schema":{"@context":"https:\/\/schema.org","@graph":[{"@type":"WebPage","@id":"https:\/\/memento-anima.fr\/index.php\/cie-memento-anima\/","url":"https:\/\/memento-anima.fr\/index.php\/cie-memento-anima\/","name":"Cie Memento Anima - MEMENTO ANIMA","isPartOf":{"@id":"https:\/\/memento-anima.fr\/#website"},"datePublished":"2025-11-09T21:21:18+00:00","dateModified":"2025-11-12T17:00:43+00:00","breadcrumb":{"@id":"https:\/\/memento-anima.fr\/index.php\/cie-memento-anima\/#breadcrumb"},"inLanguage":"fr-FR","potentialAction":[{"@type":"ReadAction","target":["https:\/\/memento-anima.fr\/index.php\/cie-memento-anima\/"]}]},{"@type":"BreadcrumbList","@id":"https:\/\/memento-anima.fr\/index.php\/cie-memento-anima\/#breadcrumb","itemListElement":[{"@type":"ListItem","position":1,"name":"Accueil","item":"https:\/\/memento-anima.fr\/"},{"@type":"ListItem","position":2,"name":"Cie Memento Anima"}]},{"@type":"WebSite","@id":"https:\/\/memento-anima.fr\/#website","url":"https:\/\/memento-anima.fr\/","name":"MEMENTO ANIMA","description":"","potentialAction":[{"@type":"SearchAction","target":{"@type":"EntryPoint","urlTemplate":"https:\/\/memento-anima.fr\/?s={search_term_string}"},"query-input":{"@type":"PropertyValueSpecification","valueRequired":true,"valueName":"search_term_string"}}],"inLanguage":"fr-FR"}]}},"_links":{"self":[{"href":"https:\/\/memento-anima.fr\/index.php\/wp-json\/wp\/v2\/pages\/310","targetHints":{"allow":["GET"]}}],"collection":[{"href":"https:\/\/memento-anima.fr\/index.php\/wp-json\/wp\/v2\/pages"}],"about":[{"href":"https:\/\/memento-anima.fr\/index.php\/wp-json\/wp\/v2\/types\/page"}],"author":[{"embeddable":true,"href":"https:\/\/memento-anima.fr\/index.php\/wp-json\/wp\/v2\/users\/1"}],"replies":[{"embeddable":true,"href":"https:\/\/memento-anima.fr\/index.php\/wp-json\/wp\/v2\/comments?post=310"}],"version-history":[{"count":60,"href":"https:\/\/memento-anima.fr\/index.php\/wp-json\/wp\/v2\/pages\/310\/revisions"}],"predecessor-version":[{"id":732,"href":"https:\/\/memento-anima.fr\/index.php\/wp-json\/wp\/v2\/pages\/310\/revisions\/732"}],"wp:attachment":[{"href":"https:\/\/memento-anima.fr\/index.php\/wp-json\/wp\/v2\/media?parent=310"}],"curies":[{"name":"wp","href":"https:\/\/api.w.org\/{rel}","templated":true}]}}